34 + -71354?
-63320
In base 7, what is -56 - -2202566?
2202510
In base 15, what is 165e1c7 - 2?
165e1c5
In base 5, what is 2 + -4441014411?
-4441014404
In base 14, what is -866c4 - 242?
-86926
In base 10, what is -3 - 136842395?
-136842398
In base 8, what is 17 + 5674104?
5674123
In base 16, what is b6f7 - d2?
b625
In base 12, what is 22a356b70 - -4?
22a356b74
In base 15, what is 6 + -41458ec?
-41458e6
In base 7, what is -62 - -35263?
35201
In base 11, what is -5 - 2067728?
-2067732
In base 14, what is 67a + 1b?
697
In base 4, what is 1020003222 + 1020?
1020010302
In base 6, what is 3 + 154041102?
154041105
In base 12, what is 525 + 146447?
146970
In base 6, what is -150124 + 540?
-145144
In base 16, what is 38f0485 + -2?
38f0483
In base 5, what is 1020332 + -200?
1020132
In base 2, what is -11011011100001110111 - -1111?
-11011011100001101000
In base 14, what is -19 + 1318141?
1318126
In base 10, what is 6671 + 22253?
28924
In base 2, what is 10001100101 + -10001111011001?
-1111101110100
In base 15, what is -21 + bcd6?
bcb5
In base 5, what is -24 - 32433414243?
-32433414322
In base 7, what is 641221 - -316?
641540
In base 11, what is -922a0a6 - -6?
-922a0a0
In base 5, what is 10 + -212044110302?
-212044110242
In base 4, what is -33003110 + -230?
-33010000
In base 9, what is 5 + 87765008?
87765014
In base 9, what is -1576 + 10148?
7462
In base 4, what is -13300131 + 2213030?
-11021101
In base 10, what is -116 + 559?
443
In base 6, what is -332552 - -4?
-332544
In base 4, what is -22000231300 + 10101?
-22000221133
In base 12, what is 5 + a988a?
a9893
In base 7, what is -5 - 55565210?
-55565215
In base 4, what is 110321 + -23111103?
-23000122
In base 14, what is -998c7a + -3?
-998c7d
In base 14, what is -175d2 - -164?
-1746c
In base 10, what is 2923988 - -8?
2923996
In base 15, what is 2429 + 2010c?
22536
In base 16, what is 175f - -380?
1adf
In base 12, what is -9 - 70389a4?
-70389b1
In base 16, what is -cb06 + -757?
-d25d
In base 7, what is 4 - -522460536?
522460543
In base 6, what is 222033 - -201233?
423310
In base 14, what is -28 - -d4345?
d431b
In base 9, what is 25 + -37422558?
-37422533
In base 16, what is -4dae85d + 3?
-4dae85a
In base 2, what is 1011 - -10001100110001010111110001?
10001100110001010111111100
In base 15, what is -5600ca + 6?
-5600c4
In base 9, what is -38047116 + -3?
-38047120
In base 9, what is -17 + 14530334?
14530316
In base 16, what is 14e279f + -1?
14e279e
In base 8, what is -11 + -654353264?
-654353275
In base 6, what is 151 - 1114120?
-1113525
In base 11, what is a46 + -109788?
-108842
In base 13, what is -c + -28c037?
-28c046
In base 4, what is 20130022313333 + 2?
20130022320001
In base 5, what is -134401 - -114042?
-20304
In base 7, what is -5461 + 35655?
30164
In base 6, what is -2035335 + -25351?
-2105130
In base 8, what is 24400 + -3400?
21000
In base 7, what is -166531125 + 20?
-166531105
In base 14, what is -26542 - 844?
-26d86
In base 13, what is -c9929 + 4a?
-c98ac
In base 4, what is 1100220103 + 110?
1100220213
In base 2, what is -100010100 + -100011100011111001011?
-100011100100011011111
In base 6, what is -2 - 243552332?
-243552334
In base 11, what is 2833a74 - 3?
2833a71
In base 11, what is 18a69 - 10aa?
1796a
In base 11, what is -121a6007 - -1?
-121a6006
In base 5, what is -2032332 + 41121?
-1441211
In base 2, what is 1110000 - 100010100110111?
-100010011000111
In base 3, what is 10 - -11201210001221?
11201210002001
In base 11, what is 5 + -15002243?
-15002239
In base 8, what is -33 + -1013330?
-1013363
In base 5, what is 3 + 330130123343?
330130123401
In base 13, what is 165a8 + 17?
165c2
In base 12, what is 14 + 244705b0?
24470604
In base 4, what is -113230 - -2230311?
2111021
In base 5, what is 1000404124244 - 4?
1000404124240
In base 6, what is 2 + -42223155?
-42223153
In base 7, what is -600 + -1402?
-2302
In base 10, what is -51 - -4594489?
4594438
In base 6, what is 13 - -1220210123?
1220210140
In base 9, what is -853471 - 88?
-853570
In base 5, what is 422 + -10042004343?
-10042003421
In base 8, what is 371226 + 500?
371726
In base 5, what is 204 + 20210033?
20210242
In base 14, what is -1 - 12ba82c?
-12ba82d
In base 4, what is 2020132230310300 + -2?
2020132230310232
In base 5, what is 14100 - -33411?
103011
In base 11, what is 266075 - -3?
266078
In base 13, what is 5 - -b30843b?
b308443
In base 3, what is 201102000221 + -10222?
201101212222
In base 9, what is 34130681 + 7?
34130688
In base 4, what is -2310332 + -10011100?
-12322032
In base 14, what is c89b64 + 7?
c89b6b
In base 9, what is 66 - -346216?
346283
In base 13, what is 7a2 + 6c42?
7714
In base 16, what is 2ba8 - -12c?
2cd4
In base 10, what is -8050712 + 2?
-8050710
In base 10, what is 3751922 + -1?
3751921
In base 2, what is -100110 + 1001111001110000?
1001111001001010
In base 4, what is -122020 + -303231?
-1031311
In base 10, what is 3 - 57382634?
-57382631
In base 11, what is 145943 + -15?
145929
In base 16, what is 581c3 + 17?
581da
In base 9, what is 15717115 - -88?
15717214
In base 9, what is -4 + 540425541?
540425536
In base 11, what is -16785 - -577?
-16209
In base 14, what is 3 - -90543?
90546
In base 2, what is 101100100100010010 - -1010011010?
101100101110101100
In base 8, what is 7 - -1762?
1771
In base 10, what is -1 - 5310581?
-5310582
In base 7, what is -3104562 + 10?
-3104552
In base 14, what is -39846 + -2a?
-39872
In base 10, what is 47503 + 337?
47840
In base 15, what is -d924 - 21?
-d945
In base 3, what is -111 - 2022101222012?
-2022101222200
In base 5, what is 1122 + -114210024?
-114203402
In base 15, what is 5 + 851312?
851317
In base 10, what is 1 + -2215666?
-2215665
In base 10, what is -787231 - 24?
-787255
In base 13, what is -6b07658 - -1?
-6b07657
In base 2, what is -1111101000001011000 + -101?
-1111101000001011101
In base 6, what is 0 + -340131025?
-340131025
In base 9, what is -1188838 + -7?
-1188846
In base 9, what is -123 + -1243077?
-1243211
In base 14, what is -15906 - 71a?
-16222
In base 8, what is -10275 + -27243?
-37540
In base 8, what is -57273422 + -2?
-57273424
In base 7, what is 63 + -343113641?
-343113545
In base 8, what is -531 - 307175?
-307726
In base 8, what is -4 - 7332131?
-7332135
In base 14, what is -24 - -22bda?
22bb6
In base 6, what is 23 - 550325032?
-550325005
In base 7, what is -2323520 - 32?
-2323552
In base 11, what is -181 - -397811?
397640
In base 8, what is 2106 + -1550371?
-1546263
In base 7, what is 2301312 + -561?
2300421
In base 9, what is -370 - 36121?
-36501
In base 4, what is -112221212230 - -1020?
-112221211210
In base 12, what is -3a4a - 2785?
-6613
In base 15, what is 219884 + a?
21988e
In base 7, what is -401545544 - -5?
-401545536
In base 14, what is -3c2355d - -5?
-3c23558
In base 6, what is 1002 + 2252321?
2253323
In base 10, what is -28 - -52404?
52376
In base 14, what is -8 - -261890?
261886
In base 6, what is 144022125440 + -1?
144022125435
In base 12, what is 0 + -974b47?
-974b47
In base 16, what is 1d5 + 1acf?
1ca4
In base 2, what is -100100110 + 1000111110111?
1000011010001
In base 13, what is -23a8b + a2?
-239b9
In base 6, what is -12 - 224345431?
-224345443
In base 3, what is 202 - -200221120220?
200221121122
In base 5, what is -114041 + -14330?
-133421
In base 15, what is 3b + 9bd1e?
9bd5a
In base 13, what is 1c + 4a9c558?
4a9c577
In base 11, what is -5 + 25591206?
25591201
In base 2, what is -110001000110001 - 110110101?
-110001111100110
In base 12, what is -94949 - -4b?
-948ba
In base 6, what is -2323323152 + -21?
-2323323213
In base 15, what is -2c1 + -1c319?
-1c5da
In base 15, what is 4 - 6823b18?
-6823b14
In base 15, what is -39d93a9 + 5?
-39d93a4
In base 15, what is 20406 + 1410?
21816
In base 10, what is -24 + -109557?
-109581
In base 16, what is 515a3c - c?
515a30
In base 9, what is 26714 - -1182?
28006
In base 5, what is -13 - 42321332220?
-42321332233
In base 14, what is 44b83b4 - 2?
44b83b2
In base 4, what is -1230 + -23321221?
-23323111
In base 3, what is 2 + -120212020012022?
-120212020012020
In base 9, what is 17665180 + -1?
17665178
In base 7, what is -3 - -230223255?
230223252
In base 2, what is 11 - 10011011101000010111?
-10011011101000010100
In base 2, what is 111111100011000 + -111111110?
111110100011010
In base 9, what is 6 - 